**3 + 8*r**2 + 5*r + 8. Let v be x(-6). Let b = v - d. Calculate the remainder when 46 is divided by b.
12
Let q(v) = 2*v**3 + 10*v**2 - 46*v - 66. Let t = 4 - 0. Suppose 2*u + 74 = 4*r, 0 = 5*r - 0*u + t*u - 60. Calculate the remainder when q(-7) is divided by r.
12
What is the remainder when (-7)/((-7)/(-13)) - -192 is divided by 24?
11
Let q = 80 + -54. Let t = 1228 - 1050. What is the remainder when t is divided by q?
22
Let z be -4 + ((-103)/(-3))/(1/3). Let i = z + -65. What is the remainder when 155 is divided by i?
19
Let i be 18/(-4)*4/(-24)*4. Suppose 0 = -i*l + 4*n + 138, -9*n + 7*n + 6 = 0. Suppose d = 2, 2*t - 3*d = d + 386. What is the remainder when t is divided by l?
47
Suppose 0 = -v + 4*c - 3 - 1, 3*c = 4*v + 16. Let i be -1 - (v/20 - (-987)/(-15)). Let x = i - 55. What is the remainder when 29 is divided by x?
9
Let d = -236 + 242. Suppose -d = -r - b, -r + 12 = -4*b + 1. What is the remainder when 138 is divided by r?
5
Suppose -a - 3*y + 49 = 0, 6*a - 2*a = -3*y + 178. What is the remainder when a is divided by ((-770)/(-28) - 30) + (42/4)/3?
0
Let v = -10 + 20. Calculate the remainder when 20/((-360)/27) - (-217)/14 is divided by v.
4
Let h = 1340 + -1322. Calculate the remainder when 2673 is divided by h.
9
Let c = 6207 - 4018. Calculate the remainder when c is divided by 157.
148
Suppose -62 = 8*k - 5*k + 4*s, -3*s - 15 = 0. Suppose 3*i - 3 - 9 = 0. What is the remainder when (-3 + 6 + k/i)*-10 is divided by 4?
1
Suppose 264*b - 1083127 - 128633 = 0. Calculate the remainder when b is divided by 56.
54
Let d be ((-736)/6 + 16/(-4))*-3. Suppose -6*y = -166 - d. What is the remainder when y is divided by 12?
7
Suppose -5*f = -2*x + 378, -5*x + 3*f = -535 - 410. What is the remainder when x is divided by 53?
30
Suppose 0 = 57*g + 13*g - 7210. Let x = 9 - 3. Let f(a) = 5*a - 3. Calculate the remainder when g is divided by f(x).
22
Suppose -7*u + 1187 - 1019 = 0. Suppose 0*o - 3 = -o. Suppose 105 + 84 = o*s. Calculate the remainder when s is divided by u.
15
What is the remainder when ((-2094)/(-10))/(945/1575) is divided by 160?
29
Suppose 0 = -5*u + b + 2570 + 2932, 12 = 4*b. Calculate the remainder when u is divided by 46.
43
Suppose 3*t = -3*w + 6, 0 = 5*w - 3*t - 0 - 10. Let u = -8313 - -8320. Calculate the remainder when u is divided by w.
1
Suppose 2*z - 21 = -o, o = 9*z - 4*z - 14. Let f(w) = 0*w + 6*w + 3 + 3*w. Calculate the remainder when f(3) is divided by o.
8
Let o(j) = 5*j**3 + j**2 - j. Let v be 4 - (17 + -4 + -5). Calculate the remainder when ((-468)/(-30))/(v/(-10)) is divided by o(1).
4
Let a(u) = u**3 - 9*u**2 - 15*u + 10. Suppose -2*n = 211*p - 207*p - 74, -4*p - n = -69. What is the remainder when a(11) is divided by p?
7
Let m be 204/(-119)*(8 - 1). Let g = m - -120. Suppose 30 = -3*s + g. What is the remainder when s is divided by 16?
10
Suppose 2*x + 2*i + 5 = 5*x, -4*x + i = -10. What is the remainder when x - (6 - -2) - (-168 - -2) is divided by 6?
5
Let o(b) = 3*b**2 - b + 65. What is the remainder when o(-7) is divided by 13?
11
Calculate the remainder when 202 is divided by 1*((16 - 23) + 18).
4
Let b(r) = 9*r**2 - 3*r - 4. Let l = -28 - -27. Let z = 25 + -20. What is the remainder when b(l) is divided by z?
3
Let z(f) = f**2 - 5 - 57*f + 1 - 5 + 8*f**3 + 64*f. Suppose -l - 95 = -6*l. What is the remainder when z(2) is divided by l?
16
Let f be 20/15*(-9)/(-6). Suppose -2 = -f*r + u + 38, 3*u + 98 = 5*r. What is the remainder when 85 is divided by r?
19
Let z(k) = -k**2 + 4*k + 9. Let f be z(-8). Calculate the remainder when (f/(-6)*4)/((-16)/(-32)) is divided by 40.
36
Let q(v) = 46*v - 626. What is the remainder when q(31) is divided by 11?
8
Suppose 2*q + 11 = -5*b + 5*q, -3*q = 4*b - 2. Suppose 5*n + 0*n - 30 = 0. Calculate the remainder when (-21 - -16) + (-52)/b is divided by n.
5
Suppose 4*d + 176 = 4*n, -5*d = 5*n - 7*n + 85. Let o(h) = 9*h - 40. Calculate the remainder when o(22) is divided by n.
23
Let w(k) = -31*k**3 - 13*k**2 - 13*k. Let q = -6 + 30. What is the remainder when w(-1) is divided by q?
7
Calculate the remainder when ((-990)/(-1155))/((-1)/(-8827)) is divided by 44.
42
Let x = -23 + 25. Let l(s) = 6*s**2 - 9*s - 5 + 7*s**x - 16*s + 17*s. What is the remainder when l(-3) is divided by 46?
44
Suppose -477 = -4*v - 7*h + 696, -293 = -v - 2*h. Calculate the remainder when v is divided by 110.
75
Let c(h) = -h**2 + 11*h + 8. Let w(t) = -t**3 + 11*t**2 + 19*t - 121. Calculate the remainder when w(11) is divided by c(10).
16
Suppose 4*m - 2*m - 136 = -2*f, 80 = f - 3*m. Let c(a) = 9*a + 19. Let x(l) = 2*l. Let s(t) = c(t) - 4*x(t). Calculate the remainder when f is divided by s(-7).
11
Let l(z) = -z - 30. Let m(w) = -w**2 + 12*w + 3. Let g be m(13). Let j be l(g). Calculate the remainder when 92 is divided by (-16)/j - 132/(-10).
8
Let w = 5 + -66. Let d = 119 + w. Let q = -147 - -178. What is the remainder when d is divided by q?
27
What is the remainder when 2548/156*89*36/42 is divided by 3?
1
Let l(j) = -5*j + 34. Let d be 4/(-14) + 308/49. Suppose 9*b - 148 + 4 = 0. What is the remainder when b is divided by l(d)?
0
Let h be (-5)/(-1)*(14/35 + 1). Suppose p + 2 - h = 0. What is the remainder when 27 is divided by (8 - p) + 4 + (-6)/(-2)?
7
Suppose -20*c + 757 = 277. Calculate the remainder when 15 - (c/(-6) + -4) is divided by ((-6)/4)/((-2)/8).
5
Suppose -6 = -14*g + 22. Calculate the remainder when -2*g/(-14) - 45769/(-259) is divided by 37.
29
Let q(w) = -w**2 - 7*w + 1. Suppose -2*v = 5*x, -47 + 16 = 5*v - 3*x. Let t be q(v). Let g = 26 - t. What is the remainder when g is divided by 6?
3
Let l(p) = p**2 + 4*p - 7. Let w be l(-5). Let m be (w + 5)/(3/(-18)). Let s = 38 + m. What is the remainder when 119 is divided by s?
19
Suppose -19*b + 1920 + 892 = 0. What is the remainder when 450 is divided by b?
6
Let k be ((-29)/(-5))/(((-15)/25)/3). What is the remainder when (k/2 - -9)*(-79 - -1) is divided by 48?
45
Let r = 176 + -93. Let u = 995 + -967. Calculate the remainder when r is divided by u.
27
Suppose 3*g - 2*x - 66 = -26, 5*x - 20 = 0. What is the remainder when 7982 is divided by g?
14
Let q = 10112 - 10004. What is the remainder when 511 is divided by q?
79
Let t be -3 + 4*4/4. Let a = t + 11. Suppose -235 = -0*b - 5*b. What is the remainder when b is divided by a?
11
Let j = 3 - -113. Suppose z + 93 - j = 0. Calculate the remainder when 73 is divided by z.
4
Let y be ((-260)/(-6))/(22/33) + -5. What is the remainder when 43 is divided by (-12)/15 + 2328/y?
5
Suppose 4*t - 165 = -n, -4*n + 210 = 5*t - 2*n. Let y(z) = 264*z - 5894. What is the remainder when y(23) is divided by t?
18
Let d(i) = -2*i**2 - 119*i + 102. Calculate the remainder when d(-60) is divided by 23.
19
Let o(r) be the second derivative of -r**5/20 + r**4/2 + 5*r**3/3 + 3*r**2/2 + 152*r. Calculate the remainder when 71 is divided by o(7).
23
Let v(c) = c**3 + 5*c**2 + c - 1. Let y = -1352 - -1352. Suppose -21*m + 36 + 90 = y. Calculate the remainder when v(-2) is divided by m.
3
Suppose 0 = -5*m + 59 + 26. Let s(b) = -b**3 + 5*b**2 - 3*b - 6. Let g be s(5). What is the remainder when g + 52 + 0/2 is divided by m?
14
Suppose 0 = 108*m + 122*m - 32*m - 2376. Let b = -40 - 39. Let o = 134 + b. What is the remainder when o is divided by m?
7
Let h(p) = p**3 + 3*p**2 - p - 1. Suppose -156*a - 12*a - 899 = -6611. Calculate the remainder when h(4) is divided by a.
5
Let i(m) be the third derivative of 2*m**4/3 + 2*m**3 - m**2 - 12*m. What is the remainder when 57 is divided by i(0)?
9
Calculate the remainder when 1925 is divided by ((-1660)/100 - -17)/((-2)/(-1065)).
8
Let u(l) = 6*l**2 - 5*l - 4. Let p be u(-6). Suppose 2*d - p = -38. Let n(t) = t**2 + 4*t - 8. Calculate the remainder when d is divided by n(-7).
11
Suppose 4356 = 92*l + 584. Calculate the remainder when 667 is divided by l.
11
Let m = -201 - -238. Calculate the remainder when 170 is divided by m.
22
Suppose -517 = -2*d - 2*q + 265, -d + 396 = -4*q. Calculate the remainder when d is divided by 51.
35
Let q(g) = 28*g + 24. Let i be q(-4). Let v = 266 + i. Calculate the remainder when v is divided by 36.
34
Let v be 0*(4/8)/((-4)/8). Suppose v = 3*f - 5*f + 126. What is the remainder when 314 is divided by f?
62
Suppose -81*z - 92